 + 0*i - 11 = 0, -4*w + 4*i = 8. Let v be ((-9)/(-27))/(w/3). Suppose 0 = n - v - 0. Let a(z) = 5*z**2 - 1. Give a(n).
4
Let p(d) = 1 + 13*d**2 - 2*d - 46*d**2 + 15*d**2 + 10*d**2. Suppose 4*y = 2*t - 6 - 20, y + 8 = t. Suppose 3*h + 2*h = t*f + 2, -2*h - 3 = -5*f. Give p(h).
-9
Let t(i) be the third derivative of -i**6/120 - i**5/12 - i**4/12 + 2*i**3/3 + 2*i**2. Let n = 1777 - 1780. What is t(n)?
-8
Let r(n) be the second derivative of n**6/360 + n**5/60 - 7*n**4/24 + n**3/3 + 5*n. Let u(v) be the second derivative of r(v). Let i = -7 + 2. What is u(i)?
8
Let s(m) = 2*m**2 - 6*m + 5. Let t(q) = -q + 8. Let v(n) = -5*n + 31. Let f(d) = 9*t(d) - 2*v(d). Let h be f(-6). Calculate s(h).
13
Let d(b) = -5*b**3 + 5*b**3 + b**3 + 1118 - 10*b**2 - 1114. Give d(10).
4
Let u(s) = s - 23. Suppose -23*n = -3*b - 24*n + 91, -41 = -b + 5*n. Calculate u(b).
8
Let l(v) = v**2 + 2*v - 21. Let t be l(-5). Let x(h) = 4*h + 5. What is x(t)?
-19
Let w(x) = x - 2*x**3 + 5 + x**3 + 0*x**3. Let d(o) = -o**2 - 7*o - 6. Let l be d(-6). Give w(l).
5
Let r = 12 - -41. Let z(p) = r*p**3 + 0*p**2 - 52*p**3 + 1 + 1 - 8*p - 6*p**2. Determine z(7).
-5
Let o(r) = -r**3 + 5*r**2 - r + 9. Let a be o(5). Let t(c) = -8 + a*c - 6 + 10 - 2*c. Let z be t(3). Let q(j) = j**3 - 2*j**2 + 2*j. Give q(z).
4
Let z(r) = -6*r**3 + 3*r**2 - r + 8. Let o(h) = 5*h**3 - 3*h**2 + h - 6. Let g(v) = -4*o(v) - 3*z(v). Calculate g(2).
-6
Let i be 6/4*(-112)/21. Let m = i + 10. Let v(b) = -b + 0*b**2 + 2*b + m*b**2 - b**3 - 1 + 0. Give v(3).
-7
Let v be (423/(-141))/(1/(-2)). Let u(w) = -w**2 + 5*w + 7. Calculate u(v).
1
Let z(a) be the second derivative of a**3/2 + 2*a**2 - a - 13. Calculate z(-2).
-2
Suppose -2*v + 27 = -1. Let w = -6 + v. Let g(k) = -3 - 3*k + w + 0*k + 4*k. Calculate g(5).
10
Let j(r) = -111*r + 26 + 33*r + 41*r + 35*r. What is j(18)?
-10
Let g be 69*(-9)/((-81)/6). Let p = g + -47. Let i(s) = -s + 1. What is i(p)?
2
Let b(x) = -18*x**2 + 10. Let f be 6 + -7 - (-4 + 1). Let m(w) = -3 + 6*w**f + 64*w - 64*w. Let u(q) = -3*b(q) - 10*m(q). Calculate u(1).
-6
Let r(q) = q + 9. Let v be r(-5). Let b be (-12)/18*(-6)/v. Let x(k) = 7*k**2 - 1. What is x(b)?
6
Let h(j) = -2*j**2 - 3*j - 14. Let c(a) = 2*a**2 + 3*a + 11. Let q(t) = -5*c(t) - 4*h(t). Calculate q(-2).
-1
Let g(b) = -b - 5. Let n(f) = 0 - 3*f + 4 + 3. Suppose -8*d + 21 = -q - 3*d, -2*q - 3*d = -23. Let s be n(q). Calculate g(s).
0
Let h = -1 + -5. Let x = -6 - h. Suppose 0 = 3*g + 3*z - 4 - 8, -3*z + 12 = x. Let k(n) = n**3 + n**2 + 6. Give k(g).
6
Let q(z) = -z**3 - z + 3. Suppose 0*h = -2*h - 2. Suppose 93*c - 104*c + 22 = 0. Let x be 0/((c - 4)/h). What is q(x)?
3
Let r(y) = 19*y - 16. Let b(a) = -13*a + 11. Let k(u) = -7*b(u) - 5*r(u). Give k(-4).
19
Let t(m) = -4 + 4*m**2 - 5*m**2 + 12*m + 2*m**2. Give t(-7).
-39
Let l(h) = 4*h - 5. Let c(f) = -f**3 + 32*f**2 + 35*f - 64. Let t be c(33). Determine l(t).
3
Let s be (2 - 2 - 1)*-8. Let r(p) = 8*p**3 + 13*p**2 - 21*p + 5. Let x(l) = -11*l**3 - 20*l**2 + 31*l - 8. Let v(y) = -7*r(y) - 5*x(y). Determine v(s).
5
Let o(b) = -b - 8. Let t be 28/(-20) - (-6)/15. Let y be (-39 - -10)*1*t. Suppose -5*p + y = -r - 0*p, 4 = p. What is o(r)?
1
Suppose 3*l + 8 - 2 = 5*a, 5*l + 3*a = 24. Let r(f) = -f + 18 - 18. Let j(k) = -6*k - 2. Let q(x) = j(x) - 3*r(x). Give q(l).
-11
Let i(j) = j**3 - j - 3. Let a(p) = 2*p - 2. Let g be a(3). Suppose -7*r + 8*r = -4. Let u = r + g. Calculate i(u).
-3
Let f(h) be the second derivative of -h**8/6720 + h**7/630 + h**6/720 - 5*h**4/4 + 9*h. Let s(w) be the third derivative of f(w). Determine s(4).
4
Suppose 0 = -2*v + 84 - 72. Let x(g) = 2*g**2 - 11*g - 5. Calculate x(v).
1
Suppose -20 = 29*h - 33*h. Suppose -b - 10 = b - 4*p, -5*b - p + 19 = 0. Let k(r) = 0*r**2 + b - h*r + 2*r**2 + 0. Calculate k(3).
6
Suppose -196 = -16*k - 228. Let f(g) = g**3 - g**2 + 1. Let h(x) = -4*x**3 - x**2 - 2*x - 6. Let o(c) = 3*f(c) + h(c). Determine o(k).
-7
Let u(v) be the second derivative of 7/6*v**3 - 2*v - 1/60*v**5 - 2*v**2 + 0 - 5/24*v**4. Let h(i) be the first derivative of u(i). What is h(-6)?
1
Let s(i) = 2*i**2 - 6*i - 7. Let l = 1127 + -1121. Determine s(l).
29
Let p(x) = x**3 - x**2 - 5. Let y be 2/11 + (-279)/(-99). Let i be -1 - (7 - y)/(-4). Determine p(i).
-5
Suppose 6*m = 11*m - 5, 0 = i + 5*m - 3. Let q(s) = -s**3 - s**2 - s - 2. Calculate q(i).
4
Suppose 5*o = 5*q - 5, o - 21 = -4*q + 8. Let p be 3*(4 - 14/q). Let h(j) = 3 + 8 - j - 12 - p*j. Give h(-1).
5
Suppose 3*d + d + b - 12 = 0, 3*d - 4*b = 28. Let s be (-4)/(-6)*18/4. Let o(n) = -5 - s + n**3 + 5 - 5*n**2 + 6*n. Calculate o(d).
5
Let u = 85 - 162. Let q = u - -77. Let r(l) = l**3 + l**2 - l - 6. Give r(q).
-6
Let i = 0 - 0. Let j(b) be the second derivative of 0 - 8*b - 3/2*b**2 + 1/12*b**4 - 1/6*b**3. What is j(i)?
-3
Let v(f) = -2*f**2 - f. Let q(z) = 7*z**2 - z + 3. Let o(c) = -q(c) - 3*v(c). Give o(6).
-15
Let i(l) = 5*l**3 + 12*l**2 + 5*l - 7. Let d(h) = -2*h**3 - 5*h**2 - 2*h + 3. Let c(t) = -7*d(t) - 3*i(t). Give c(-2).
6
Let l be (-4)/(-1) - (5 + 14). Let h(p) = 3*p + 22. Give h(l).
-23
Let z(n) = -8*n**2 + n**3 + 6*n**3 + n**3 + 6 + 7*n - 9*n**3. Determine z(-9).
24
Let w(s) be the second derivative of -s**4/12 - s**3 + 20*s**2 - 397*s. Determine w(-10).
0
Let l(i) = -12*i**2 - 3*i + 7*i**2 + 4*i + 32*i**2. Give l(-1).
26
Suppose 0*n - 18 = -6*n. Let t(m) = -m - 1. Let r(s) = -3*s - 6. Let f(o) = r(o) - 4*t(o). Determine f(n).
1
Let i(q) = 2*q**2 + 12*q - 3. Let w(m) = -3*m**2 - 13*m + 1. Let g(p) = 4*i(p) + 3*w(p). Give g(7).
5
Let w be (8/(-5))/(4/(-10)). Suppose 4*l = -w*t + 8, -3*l + 1 = 2*t - 5. Let i(d) = d - 1. Calculate i(l).
1
Let q(k) = -2*k - 1. Suppose 11*t + 396 = 7*t. Let f = t - -96. Determine q(f).
5
Let i(l) = 10*l - 1. Let o(c) = 3*c. Let s(w) = 2*i(w) - 7*o(w). Give s(-9).
7
Let x = -17 - -14. Let v(f) be the third derivative of -f**6/120 - f**5/30 + f**4/12 - f**3/6 - 124*f**2. Determine v(x).
2
Suppose 6*f + 15 = f. Let l be ((-2)/2)/(2/(-30)*f). Let u(n) = 4*n - 5. Determine u(l).
-25
Let z(j) be the first derivative of -j**4/4 + 4*j**3/3 + 2*j**2 - 212. Give z(5).
-5
Let m(r) = -9*r**2 + 1. Suppose -7*t + 8*t - 2 = 0. Suppose t*q - 3*o - 29 = -10, 3*o = q - 14. Suppose q = -4*k + 1. What is m(k)?
-8
Suppose 0 = 8*d - 12*d + 16. Suppose 0 = -2*g + d*m + 16, -3*m - 23 = 5*g - g. Let a(n) = 3*n - 1. Calculate a(g).
-7
Let g(z) = -15*z**2 - 7*z - 6. Let y(s) = -s**2 + s - 1. Let h(x) = x. Let p(a) = -2*h(a) + y(a). Let q(l) = g(l) - 5*p(l). Let d = -26 + 25. Give q(d).
-9
Let v = -7 - -9. Let i be (-4 + 5)/(v/10). Suppose -20 = -i*j + y, 5*j - 4*y = -0*y + 20. Let t(r) = -r**2 + 4*r. Determine t(j).
0
Let s(a) = -9*a**2 + a**2 - 2*a**2 + 15*a**2 - 3*a**2 + 7 + 13*a. Calculate s(-5).
-8
Suppose 4*h - 4 = -16. Let w(v) be the second derivative of v**3/3 - v**2 - 3*v. Let u(l) = -5*l + 4. Let q(d) = h*u(d) - 7*w(d). Determine q(0).
2
Let v(b) = -17*b**2 - 4 + 0 + 0*b + b + 3. What is v(1)?
-17
Suppose -2*r = 3*q + 8, 2*r + 3 + 5 = -2*q. Let s(i) = -23*i**2 + i + 3. Let b(w) = 9*w**2 - w - 1. Let j(t) = 5*b(t) + 2*s(t). Determine j(r).
-3
Let y(i) = i**2 + 2*i + 4. Let k be y(-2). Let n(b) = -4 + b**2 + 6*b - b - k*b. Calculate n(-4).
8
Let r(c) = -2*c**3 + c**2 + c - 1. Let q(t) = -t**3 - 2*t**2 + 6*t + 4. Let h be q(-4). Suppose -3*w = -2*u - 4, -4*u - w = 3*w - h. Give r(u).
-1
Let u = 52 - 75. Let y = -29 - u. Let g(d) = -d**3 - 6*d**2 - d. What is g(y)?
6
Let y(n) = -n + 2*n + 5*n - 5*n + n**2 + 3. Suppose 54*q = 53*q. What is y(q)?
3
Let c(p) = -p - 8 + p**2 - 5*p + 0*p**2. Suppose 8*r - 17 = 47. Calculate c(r).
8
Let y(i) = -17*i + 15. Let f(l) = l. Let d(w) = -5. Let a(p) = -d(p) - 6*f(p). Let j(c) = 8*a(c) - 3*y(c). Calculate j(7).
16
Let k be (-62)/(-2) + (12/(-3) - -2). Let t = k - 25. Let z(v) = v**3 + 2*v - 2*v**2 - 6*v + 4 - 4*v**2 + 2*v**2. Determine z(t).
-12
Let u(l) = 5*l + 5. Let m(j) = -16*j + 2. Let a be m(-2). Let k = a + -20. Let b = k + -18. Determine u(b).
-15
Let k be (-1 + -1)/(0 - 1). Let x(w) = 1 + w**k + w + 0*w + 5*w. Let q = 171 + -177. Determine x(q).
1
Let n(d) = 7 - 14*d + 1 + 14 - 34. Let o(c) = -5*c - 4. Suppose 5*y - v = 84, 3*v - 17 - 3 = -y. Let g(l) = y*o(l) - 6*n(l). Determine g(5).
-1
Let q(r) be the first derivative of 